 + 14?
44
Evaluate 16 + 95 - (9 + 7 + -3).
98
What is the value of (-6 - -50) + 23 + -11 + 3 + 2?
61
(80 - (22 + 39)) + -59
-40
Calculate 113 + -47 - 35 - 29.
2
What is 24 + 4 - -19 - (19 + -29)?
57
Calculate -4 + (-15 + 2 + 0 - (384 - 387)) + 6.
-8
What is -27 + 7 + 79 + (-12 - -16) + -14?
49
Evaluate -61 + 0 + -1 - (-18515 + 18550).
-97
Calculate 22 - -2 - ((2 + 0 - 1) + (173 - 171)).
21
-5 + -9 + (-2 - (0 + 0)) + -1909 + 1850
-75
-14 + 7 + -70 + 84
7
Calculate -13 - -6 - (-2 + (112 - (7 + 15 + -15))).
-110
What is the value of 5 - 0 - (121 + -140 - (-3 - 15))?
6
What is the value of -22 + -5 + (15 - -8) - (0 + -15)?
11
Evaluate 67 - 54 - -17 - -45.
75
Calculate (-12 - (2 - 1)) + (19838 - 19851).
-26
1 - -43 - 1 - (-119 - (12 - 141))
33
What is (-5 - (8 - 12)) + 2 + -11 + 2 + -15?
-23
Evaluate 114 - (-226 + 210 - (-4 + -3 + -16 + 5)).
112
Evaluate (-129 - -140) + (38 - (6 + -8 + 6)).
45
What is (56 - (-14 - -72)) + 9 + -9 + -13 + 0?
-15
Evaluate 1 - (122 + -159 + 79).
-41
(-2 - -1) + -40 + (0 - -10 - (169 - 161))
-39
What is (11 - (13 + 17)) + (7 - -22)?
10
Evaluate 5 + (14 + 39 - 17) + 7.
48
-25 + -36 + 73 + (-1 - 21) + 35
25
What is 44 + (-67 - 12) + 27?
-8
89 - (9 - (16 - 33 - -26) - (-15 - -2))
76
Evaluate -70 - (30 - 26) - 18 - 5.
-97
What is the value of 7 - (0 - -38) - (-2 + 29)?
-58
13 + (-1 + 3 - (-349 + 365)) + -2 + -86
-89
What is 7 - (11 - 0) - (11 + -15 + 2 + -29)?
27
Calculate (1 + 4 - 1 - -22) + (9 - 31) + 11.
15
-20 - (30 + (-34 - (31 - 115)))
-100
10 - (-3 + -17 + (7 - -68))
-45
Evaluate (-154 - -181) + 15 + 5 + 3 + -7.
43
What is the value of -18 + (-7 - -4) + (-456 - -486)?
9
Calculate -82 + (17 - 37 - 0 - (2 - 2)).
-102
What is the value of (7 - -2) + (-5 - 0) + -247 + 264?
21
Calculate -8 - ((-10 - -19) + (-13 - 0)) - 7.
-11
55 + (-16 - (-96 - -75))
60
Calculate -2 + 6 - (-7 + (-154 - -93)).
72
What is -26 + 8 - (150 + -65 + -74)?
-29
(-162 - -151) + -7 + 8 + 58
48
Calculate 20 - (145 + (-166 - -67)).
-26
(-66 + 119 - 24) + 5
34
Calculate (-5 - 7) + (-30 - -43) - (4 - (5 + 121)).
123
Calculate -136 + -128 + 185 - -13.
-66
What is 43 - ((-46 - -22) + 27) - (1 - -3)?
36
What is -26 + -1 - (-3705 + 3708)?
-30
Evaluate (-2 - 0) + (11 - ((9 - 9) + (-3 - -7))).
5
-2 + (-31 - -1) + (-35 - -107 - 72)
-32
Evaluate 20 + 8 + 4 + (-48 - -18 - -6).
8
What is 50 - (9 + -46 - -61)?
26
Evaluate -6 + -10 - (4 + (-10 - -24)).
-34
What is the value of (20 - 43) + 24 + 1 + (-7 - -11)?
6
Calculate -122 + (-43 - -27) + 111.
-27
What is the value of -17 + -16 + 65 + -66?
-34
Evaluate -2 - 8 - (15 + -7 + (-44 - (-52 - -13))).
-13
What is the value of -16 + (-4 - 1) - (130 + -109)?
-42
-18 + (22 - -12 - -22 - (9 - -9))
20
What is -15 + -1 + (-17 - -9 - 12)?
-36
Evaluate -23 + -42 + 21 + -4.
-48
What is the value of -54 + (65 - (-52 + 73))?
-10
-2 - (1 + 2 + (40 - 0) + -1 + 6)
-50
What is -1 - (36 - 42 - 32 - 79)?
116
Calculate 19 - 147 - -21 - ((0 - -1 - -6) + -21).
-93
Evaluate 13 + -16 + 34 + 3 - (22 - 35).
47
5 + -2 + 7 - (40 + -110 + 85)
-5
What is 13 - (38 + -23) - (3 + -79 - (-1 - 1))?
72
Evaluate -10 + -19 + -2 + -258 + 223.
-66
What is the value of -100 + (-24 - -1) + (-76 - (-105 - -17))?
-111
Evaluate 7 + (37 - (-58 - -46) - (-1 + 3)).
54
Calculate -10 + 46 - 186 - (-5 + 13 + -28).
-130
Calculate -65 - (-25 - -16 - (-12 + 13)).
-55
What is the value of -5 + -1 - ((-40 - -17) + 20 - (-2 - 48))?
-53
What is the value of (33 - 0) + (-116 - -76)?
-7
31 + -20 + 0 - (-5 + -1)
17
Calculate 0 + -16 + (21 + -18 - -23).
10
Calculate -39 + 40 + -4 + (6 - -4) + -3.
4
Calculate 35 + (46 - 68) + 12 + -3 + 3.
25
What is the value of -525 + 534 - (-5 + 29 + -6)?
-9
Calculate -70 - -68 - (-27 - -30 - (-9 - -1)).
-13
-22 + -7 + 1 + 2 + -13 + 24
-15
Calculate -2 + 27 - 0 - (-32 - -71 - 35).
21
What is 11 + -35 + 12 + 11 + -10 - -12?
1
Calculate (-49 - -5) + (-115 - -173).
14
What is (55 - (126 + -27)) + (5 - 11 - -1)?
-49
What is the value of -27 + (160 + -51 - 27)?
55
Calculate -3 + (60 - ((-7 - -2) + 17) - 1).
44
What is the value of 21 + -41 + (-5 - 10) - (1 + 2 - 2)?
-36
Calculate -1 + (66 + -8 + 18 - 9) + 3.
69
Evaluate 1518 + -1558 + (0 - (-2 - 0) - 3) + -6.
-47
0 + (0 - 7) - (846 + -825)
-28
What is the value of 1 - 19 - (34 + 7 + -21)?
-38
What is the value of -21 - (-7 - -6 - (5 - (5 - 3)))?
-17
Calculate (-175 - -244) + -33 + 1.
37
What is the value of 187 + -128 - (-3 + -6 + 13)?
55
Evaluate 670 + -634 + (-2 - 23) - 43.
-32
Calculate 69 - (140 - (121 - 85)).
-35
-63 - -16 - (-58 - -76 - (-3 + 5))
-63
Evaluate (-4 - -2) + -20 + 222 + -218 + 3 + -13.
-28
Calculate 144 - (148 + -119) - 87.
28
(-123 - -348) + -121 - (-1 + -2 + (-1 - 3))
111
What is -19 + 90 + (-25 - 15)?
31
What is (11 - (43 + -23) - 4) + 82 + -5?
64
14 + ((41 - 3 - -1) + -10 + 7 - 3)
47
What is the value of (-6 + -1 + -3 - -27 - -48) + -4?
61
Evaluate 27 + (-7 - 62 - 1).
-43
-5 + 36 + -42 + (98 - -1) + -7 - 10
71
-2 + -3 - (-29 + 45 + -36 - (3 - 20))
-2
What is 55 + 14 + (18 + -28 - 19)?
40
Calculate -47 + (7 - (5 - (-12 - 1)) - -24).
-34
Evaluate -18 + -16 + -35 + 24 + 0.
-45
Evaluate 30 + -52 + -141 + 95.
-68
What is the value of (-4 + -41 - -10) + 15 - -11?
-9
Calculate 70 + -64 - (10 - 7 - (0 + 2)).
5
-435 - -395 - ((18 - 16) + (-4 - 1) - -11)
-48
What is -18 + 58 + 93 + -107?
26
What is (27 - 35) + -22 - (1 - (-5 + 2) - 11)?
-23
423 + -513 - (-3 - (-4 + 1 - (0 + 11)))
-101
Calculate 9 + -3 + 3 - (-11 - (-51 + -9)).
-40
Evaluate -24 - (-39 + 69) - -92.
38
What is the value of 133 + (131 + -71 - 76)?
117
What is -2 + -4 + (1 - -7 - (17 + -20 + 8))?
-3
Calculate -2 + -29 - (-27 + 24 - (0 + -11)).
-39
Evaluate -98 + 214 + -109 - (1 - (86 - (0 + 0))).
92
Calculate 18 + -5 + 61 + (29 - 7 - 20).
76
Evaluate (219 - 157) + -144 + -6.
-88
Calculate 13 + 17 + -14 + 37 + 10.
63
Evaluate -16 - (-25 - (19 + -132 + -15 - -25)).
-94
Evaluate 100 - (-77 + (18 - -36)).
123
1 + 15 + (65 - 12) - 26
43
What is the value of (2 + (7 - (-2 - -6)) - 79) + (273 - 264)?
-65
Evaluate -9 + -16 + (8 - -14) + (51 - (-3 + 8)).
43
Calculate 66 - (275 - (34 + 95)).
-80
What is -149 + 1 - (5582 - 5667)?
-63
What is the value of 13 + (48 - (6 + -8)) - (3 - (15 - 3))?
72
-12 + -4 - (-133 + 9 + 48)
60
What is the value of -34 + (-16 - (-2 - ((-9 - -12) + 4)) - 3)?
-44
Evaluate (8 - -25 - (40 - 15)) + 6 - (-2 - 84).
100
Calculate -55 + 2 + (-19 + 0 + (37 - 21) - -3).
-53
What is the value of 33 + (26 - 9 - (117 - 5))?
-62
What is the value of -1 + 57 - -1 - (-262 + 500 + -256)?
75
What is -6 - (15 + -32 + 5 + -12)?
18
What is (28 + -2 - -27) + 35?
88
What is (12 - 9) + (6 - 2) + -39 + 0?
-32
What is (8 - 7) + -47 + (56 - 54)?
-44
What is -9 - -114 - (14 + (-29 - -25))?
95
What is (-38 - (51 + -119)) + 24?
54
Evaluate -22 - (-159 + (40 - (-15 - -40))).
122
2 - (16 + -32) - -35 - 28
25
Calculate -29 - (15 + 21 - 89 - -24).
0
What is the value of -29 + 53 - (-2 + -47) - 6?
67
What is -1042 + 1107 + (4 - 4)?
65
What is 14 + 3 + (-70 - -86)?
33
What is the value of -4 + 2 - 2 - (486 + -480)?
-10
What is the value of -20 - -40 - (190 + -203 - (-1 + -6))?
26
Calculate (-6 + 0 - 1) + (136 - (-110 + 200)) - -5.
44
93 + (-15 - 71) + -7
0
-4 - (-16 + -15 + -10 + 14)
23
18 - (-11 + 87) - -6 - -31
-21
-14 + 45 + -97 + 23
-43
Evaluate -9 + 24 - 10 - 8 - 11 - -2.
-12
Evaluate -4 + 91 + (-4 - -3) + (-6 - 1) + -4.
75
Calculate 49 + -30 + 6 + -34 + -16 + (-2 - 0).
-27
What is the value of -1 + -158 - (104 - (-47 - -173))?
-137
68 - 59 - -1 - (-1 - -14)
-3
What is the value of -24 - ((-4 - 0) + -30 + 4 - -15)?
-9
What is -103 + -25 + 17 + 95?
-16
What is the value of -26 + 51 + -19 + 14 + 1?
21
Evaluate (1 - (1 + -32)) + 1 + (-43 - -43).
33
What is the value of 1 - -12 - (35 - 20 - -102) - 6?
-110
What is 46 + (-37 - (18 + 34))?
-43
96 + (-62 + (-10 - -19) - -26)
69
What is (14 + 0 + 3 + -7 - -44) + -1?
53
6 + (3 - ((7 + (-21 - -10) - 5) + 83))
-65
What is the value of -1 + (39 - 26) - (1 - (-2 - 0))?
9
-56 + 49 + 34 + -5
22
(-9 - 1) + 195 + -163
22
Evaluate -6 - 2 - -4 - (1114 - 1155).
37
Calculate -84 - (-3 + 0 - 12) - (3 + -10).
-62
Calculate 643 + -633 - (47 + 1).
-38
What is -8 + (1 + -67 - ((2 - 12 - -19) + -11))?
-72
Evaluate 19 + 36 + -98 + (35 - 40).
-48
Evaluate (-144 - -60 - -58) + -16.
-42
Calculate 31 + 28 + (-7 -